CRAN Package Check Results for Package HierDpart

Last updated on 2022-01-25 07:50:09 CET.

Flavor Version Tinstall Tcheck Ttotal Status Flags
r-devel-linux-x86_64-debian-clang 1.5.0 19.70 212.11 231.81 OK
r-devel-linux-x86_64-debian-gcc 1.5.0 19.08 173.87 192.95 OK
r-devel-linux-x86_64-fedora-clang 1.5.0 273.70 OK
r-devel-linux-x86_64-fedora-gcc 1.5.0 284.19 OK
r-devel-windows-x86_64-new-UL 1.5.0 47.00 238.00 285.00 OK
r-devel-windows-x86_64-new-TK 1.5.0 ERROR
r-patched-linux-x86_64 1.5.0 14.97 193.90 208.87 OK
r-release-linux-x86_64 1.5.0 16.70 194.20 210.90 OK
r-release-macos-arm64 1.5.0 OK
r-release-macos-x86_64 1.5.0 OK
r-release-windows-ix86+x86_64 1.5.0 36.00 231.00 267.00 OK
r-oldrel-macos-x86_64 1.5.0 OK
r-oldrel-windows-ix86+x86_64 1.5.0 43.00 231.00 274.00 OK

Check Details

Version: 1.5.0
Check: package dependencies
Result: ERROR
    Package required but not available: 'entropart'
    
    See section 'The DESCRIPTION file' in the 'Writing R Extensions'
    manual.
Flavor: r-devel-windows-x86_64-new-TK