Last updated on 2022-07-06 06:52:52 CEST.
Flavor | Version | Tinstall | Tcheck | Ttotal | Status | Flags |
---|---|---|---|---|---|---|
r-devel-linux-x86_64-debian-clang | 3.1-47 | 34.04 | 366.54 | 400.58 | NOTE | |
r-devel-linux-x86_64-debian-gcc | 3.1-47 | 27.07 | 267.41 | 294.48 | NOTE | |
r-devel-linux-x86_64-fedora-clang | 3.1-47 | 500.84 | NOTE | |||
r-devel-linux-x86_64-fedora-gcc | 3.1-47 | 502.05 | NOTE | |||
r-devel-windows-x86_64 | 3.1-47 | 129.00 | 440.00 | 569.00 | NOTE | |
r-patched-linux-x86_64 | 3.1-47 | 44.62 | 344.20 | 388.82 | OK | |
r-release-linux-x86_64 | 3.1-47 | 26.73 | 339.31 | 366.04 | OK | |
r-release-macos-arm64 | 3.1-47 | 123.00 | OK | |||
r-release-macos-x86_64 | 3.1-47 | 219.00 | OK | |||
r-release-windows-x86_64 | 3.1-47 | 87.00 | 438.00 | 525.00 | OK | |
r-oldrel-macos-arm64 | 3.1-47 | 102.00 | OK | |||
r-oldrel-macos-x86_64 | 3.1-47 | 167.00 | OK | |||
r-oldrel-windows-ix86+x86_64 | 3.1-47 | 69.00 | 413.00 | 482.00 | OK |
Version: 3.1-47
Check: Rd files
Result: NOTE
checkRd: (-1) bivariateNormal.Rd:42: Escaped LaTeX specials: \&
Flavors: r-devel-linux-x86_64-debian-clang, r-devel-linux-x86_64-debian-gcc, r-devel-linux-x86_64-fedora-clang, r-devel-linux-x86_64-fedora-gcc, r-devel-windows-x86_64