CRAN Package Check Results for Package HCTR

Last updated on 2022-05-24 07:52:22 CEST.

Flavor Version Tinstall Tcheck Ttotal Status Flags
r-devel-linux-x86_64-debian-clang 0.1.1 8.59 91.06 99.65 NOTE
r-devel-linux-x86_64-debian-gcc 0.1.1 6.70 70.00 76.70 NOTE
r-devel-linux-x86_64-fedora-clang 0.1.1 121.85 NOTE
r-devel-linux-x86_64-fedora-gcc 0.1.1 119.87 NOTE
r-devel-windows-x86_64 0.1.1 18.00 113.00 131.00 NOTE
r-patched-linux-x86_64 0.1.1 8.36 89.39 97.75 NOTE
r-release-linux-x86_64 0.1.1 NOTE
r-release-macos-arm64 0.1.1 34.00 NOTE
r-release-macos-x86_64 0.1.1 50.00 NOTE
r-release-windows-x86_64 0.1.1 12.00 119.00 131.00 NOTE
r-oldrel-macos-arm64 0.1.1 40.00 NOTE
r-oldrel-macos-x86_64 0.1.1 53.00 NOTE
r-oldrel-windows-ix86+x86_64 0.1.1 20.00 97.00 117.00 NOTE

Check Details

Version: 0.1.1
Check: LazyData
Result: NOTE
     'LazyData' is specified without a 'data' directory
Flavors: r-devel-linux-x86_64-debian-clang, r-devel-linux-x86_64-debian-gcc, r-devel-linux-x86_64-fedora-clang, r-devel-linux-x86_64-fedora-gcc, r-devel-windows-x86_64, r-patched-linux-x86_64, r-release-linux-x86_64, r-release-macos-arm64, r-release-macos-x86_64, r-release-windows-x86_64, r-oldrel-macos-arm64, r-oldrel-macos-x86_64, r-oldrel-windows-ix86+x86_64