CRAN Package Check Results for Package GofCens

Last updated on 2022-06-29 06:53:27 CEST.

Flavor Version Tinstall Tcheck Ttotal Status Flags
r-devel-linux-x86_64-debian-clang 0.92 11.27 109.01 120.28 OK
r-devel-linux-x86_64-debian-gcc 0.92 9.74 79.79 89.53 OK
r-devel-linux-x86_64-fedora-clang 0.92 156.78 NOTE
r-devel-linux-x86_64-fedora-gcc 0.92 147.74 OK
r-devel-windows-x86_64 0.92 17.00 133.00 150.00 OK
r-patched-linux-x86_64 0.92 12.50 102.90 115.40 OK
r-release-linux-x86_64 0.92 12.73 104.13 116.86 OK
r-release-macos-arm64 0.92 40.00 OK
r-release-macos-x86_64 0.92 75.00 OK
r-release-windows-x86_64 0.92 16.00 125.00 141.00 OK
r-oldrel-macos-arm64 0.92 44.00 OK
r-oldrel-macos-x86_64 0.92 56.00 OK
r-oldrel-windows-ix86+x86_64 0.92 27.00 124.00 151.00 OK

Check Details

Version: 0.92
Check: Rd cross-references
Result: NOTE
    Undeclared package ‘goftest’ in Rd xrefs
Flavor: r-devel-linux-x86_64-fedora-clang