CRAN Package Check Results for Package GmAMisc

Last updated on 2022-05-27 07:50:06 CEST.

Flavor Version Tinstall Tcheck Ttotal Status Flags
r-devel-linux-x86_64-debian-clang 1.2.1 46.76 461.12 507.88 OK
r-devel-linux-x86_64-debian-gcc 1.2.1 37.91 338.85 376.76 OK
r-devel-linux-x86_64-fedora-clang 1.2.1 597.15 NOTE
r-devel-linux-x86_64-fedora-gcc 1.2.1 590.31 OK
r-devel-windows-x86_64 1.2.1 69.00 488.00 557.00 OK
r-patched-linux-x86_64 1.2.1 45.13 438.02 483.15 OK
r-release-linux-x86_64 1.2.1 42.74 435.19 477.93 OK
r-release-macos-arm64 1.2.1 131.00 OK
r-release-macos-x86_64 1.2.1 237.00 OK
r-release-windows-x86_64 1.2.1 71.00 485.00 556.00 OK
r-oldrel-macos-arm64 1.2.1 86.00 OK
r-oldrel-macos-x86_64 1.2.1 170.00 OK
r-oldrel-windows-ix86+x86_64 1.2.1 114.00 487.00 601.00 OK

Check Details

Version: 1.2.1
Check: package dependencies
Result: NOTE
    Imports includes 24 non-default packages.
    Importing from so many packages makes the package vulnerable to any of
    them becoming unavailable. Move as many as possible to Suggests and
    use conditionally.
Flavor: r-devel-linux-x86_64-fedora-clang