CRAN Package Check Results for Package GenHMM1d

Last updated on 2022-07-02 07:06:59 CEST.

Flavor Version Tinstall Tcheck Ttotal Status Flags
r-devel-linux-x86_64-debian-clang 0.1.0 19.83 119.02 138.85 NOTE
r-devel-linux-x86_64-debian-gcc 0.1.0 14.02 85.34 99.36 NOTE
r-devel-linux-x86_64-fedora-clang 0.1.0 183.61 NOTE
r-devel-linux-x86_64-fedora-gcc 0.1.0 172.75 NOTE
r-devel-windows-x86_64 0.1.0 31.00 136.00 167.00 NOTE
r-patched-linux-x86_64 0.1.0 22.21 109.61 131.82 NOTE
r-release-linux-x86_64 0.1.0 13.22 109.85 123.07 NOTE
r-release-macos-arm64 0.1.0 39.00 NOTE
r-release-macos-x86_64 0.1.0 74.00 NOTE
r-release-windows-x86_64 0.1.0 29.00 128.00 157.00 NOTE
r-oldrel-macos-arm64 0.1.0 44.00 NOTE
r-oldrel-macos-x86_64 0.1.0 59.00 NOTE
r-oldrel-windows-ix86+x86_64 0.1.0 37.00 129.00 166.00 NOTE

Check Details

Version: 0.1.0
Check: LazyData
Result: NOTE
     'LazyData' is specified without a 'data' directory
Flavors: r-devel-linux-x86_64-debian-clang, r-devel-linux-x86_64-debian-gcc, r-devel-linux-x86_64-fedora-clang, r-devel-linux-x86_64-fedora-gcc, r-devel-windows-x86_64, r-patched-linux-x86_64, r-release-linux-x86_64, r-release-macos-arm64, r-release-macos-x86_64, r-release-windows-x86_64, r-oldrel-macos-arm64, r-oldrel-macos-x86_64, r-oldrel-windows-ix86+x86_64