CRAN Package Check Results for Package GauPro

Last updated on 2022-01-25 07:50:07 CET.

Flavor Version Tinstall Tcheck Ttotal Status Flags
r-devel-linux-x86_64-debian-clang 0.2.4 234.95 127.88 362.83 OK
r-devel-linux-x86_64-debian-gcc 0.2.4 171.81 99.49 271.30 OK
r-devel-linux-x86_64-fedora-clang 0.2.4 545.38 NOTE
r-devel-linux-x86_64-fedora-gcc 0.2.4 481.40 OK
r-devel-windows-x86_64-new-UL 0.2.4 225.00 186.00 411.00 OK
r-devel-windows-x86_64-new-TK 0.2.4 OK
r-patched-linux-x86_64 0.2.4 210.39 122.00 332.39 OK
r-release-linux-x86_64 0.2.4 211.07 119.47 330.54 OK
r-release-macos-arm64 0.2.4 NOTE
r-release-macos-x86_64 0.2.4 NOTE
r-release-windows-ix86+x86_64 0.2.4 580.00 235.00 815.00 OK
r-oldrel-macos-x86_64 0.2.4 NOTE
r-oldrel-windows-ix86+x86_64 0.2.4 579.00 239.00 818.00 OK

Check Details

Version: 0.2.4
Check: installed package size
Result: NOTE
     installed size is 6.9Mb
     sub-directories of 1Mb or more:
     libs 5.5Mb
Flavors: r-devel-linux-x86_64-fedora-clang, r-release-macos-arm64, r-release-macos-x86_64, r-oldrel-macos-x86_64