CRAN Package Check Results for Package GapAnalysis

Last updated on 2022-01-20 06:49:20 CET.

Flavor Version Tinstall Tcheck Ttotal Status Flags
r-devel-linux-x86_64-debian-clang 1.0.2 OK
r-devel-linux-x86_64-debian-gcc 1.0.2 30.21 226.96 257.17 OK
r-devel-linux-x86_64-fedora-clang 1.0.2 413.45 NOTE
r-devel-linux-x86_64-fedora-gcc 1.0.2 394.96 NOTE
r-devel-windows-x86_64-new-UL 1.0.2 61.00 311.00 372.00 OK
r-devel-windows-x86_64-new-TK 1.0.2 NOTE
r-patched-linux-x86_64 1.0.2 31.22 301.94 333.16 OK
r-release-linux-x86_64 1.0.2 OK
r-release-macos-arm64 1.0.2 NOTE
r-release-macos-x86_64 1.0.2 NOTE
r-release-windows-ix86+x86_64 1.0.2 73.00 321.00 394.00 OK
r-oldrel-macos-x86_64 1.0.2 NOTE
r-oldrel-windows-ix86+x86_64 1.0.2 78.00 335.00 413.00 OK

Check Details

Version: 1.0.2
Check: data for non-ASCII characters
Result: NOTE
     Note: found 2 marked UTF-8 strings
Flavors: r-devel-linux-x86_64-fedora-clang, r-devel-linux-x86_64-fedora-gcc, r-devel-windows-x86_64-new-TK, r-release-macos-arm64, r-release-macos-x86_64, r-oldrel-macos-x86_64