CRAN Package Check Results for Package GameTheory

Last updated on 2022-06-30 06:49:25 CEST.

Flavor Version Tinstall Tcheck Ttotal Status Flags
r-devel-linux-x86_64-debian-clang 2.7 6.41 56.87 63.28 OK
r-devel-linux-x86_64-debian-gcc 2.7 5.23 44.57 49.80 OK
r-devel-linux-x86_64-fedora-clang 2.7 87.74 WARN
r-devel-linux-x86_64-fedora-gcc 2.7 89.11 WARN
r-devel-windows-x86_64 2.7 43.00 91.00 134.00 OK
r-patched-linux-x86_64 2.7 6.89 56.77 63.66 OK
r-release-linux-x86_64 2.7 6.37 55.49 61.86 OK
r-release-macos-arm64 2.7 27.00 OK
r-release-macos-x86_64 2.7 36.00 OK
r-release-windows-x86_64 2.7 45.00 91.00 136.00 OK
r-oldrel-macos-arm64 2.7 32.00 OK
r-oldrel-macos-x86_64 2.7 49.00 OK
r-oldrel-windows-ix86+x86_64 2.7 13.00 76.00 89.00 OK

Check Details

Version: 2.7
Check: package dependencies
Result: WARN
    Requires orphaned package: ‘gtools’
Flavors: r-devel-linux-x86_64-fedora-clang, r-devel-linux-x86_64-fedora-gcc