CRAN Package Check Results for Package GWEX

Last updated on 2022-07-03 07:51:55 CEST.

Flavor Version Tinstall Tcheck Ttotal Status Flags
r-devel-linux-x86_64-debian-clang 1.0.2 6.23 40.33 46.56 OK
r-devel-linux-x86_64-debian-gcc 1.0.2 5.79 31.40 37.19 OK
r-devel-linux-x86_64-fedora-clang 1.0.2 68.30 NOTE
r-devel-linux-x86_64-fedora-gcc 1.0.2 66.98 NOTE
r-devel-windows-x86_64 1.0.2 22.00 82.00 104.00 OK
r-patched-linux-x86_64 1.0.2 7.16 39.36 46.52 OK
r-release-linux-x86_64 1.0.2 7.07 39.18 46.25 OK
r-release-macos-arm64 1.0.2 26.00 OK
r-release-macos-x86_64 1.0.2 45.00 OK
r-release-windows-x86_64 1.0.2 30.00 82.00 112.00 OK
r-oldrel-macos-arm64 1.0.2 36.00 OK
r-oldrel-macos-x86_64 1.0.2 41.00 OK
r-oldrel-windows-ix86+x86_64 1.0.2 20.00 91.00 111.00 OK

Check Details

Version: 1.0.2
Check: compiled code
Result: NOTE
    File ‘GWEX/libs/GWEX.so’:
     Found no calls to: ‘R_registerRoutines’, ‘R_useDynamicSymbols’
    
    It is good practice to register native routines and to disable symbol
    search.
    
    See ‘Writing portable packages’ in the ‘Writing R Extensions’ manual.
Flavors: r-devel-linux-x86_64-fedora-clang, r-devel-linux-x86_64-fedora-gcc