CRAN Package Check Results for Package GUILDS

Last updated on 2022-01-21 07:52:34 CET.

Flavor Version Tinstall Tcheck Ttotal Status Flags
r-devel-linux-x86_64-debian-clang 1.3 NOTE
r-devel-linux-x86_64-debian-gcc 1.3 14.09 101.92 116.01 NOTE
r-devel-linux-x86_64-fedora-clang 1.3 201.79 NOTE
r-devel-linux-x86_64-fedora-gcc 1.3 182.50 NOTE
r-devel-windows-x86_64-new-UL 1.3 47.00 190.00 237.00 NOTE
r-devel-windows-x86_64-new-TK 1.3 OK
r-patched-linux-x86_64 1.3 16.85 139.10 155.95 NOTE
r-release-linux-x86_64 1.3 18.02 139.45 157.47 NOTE
r-release-macos-arm64 1.3 OK
r-release-macos-x86_64 1.3 OK
r-release-windows-ix86+x86_64 1.3 46.00 204.00 250.00 NOTE
r-oldrel-macos-x86_64 1.3 OK
r-oldrel-windows-ix86+x86_64 1.3 48.00 204.00 252.00 NOTE

Check Details

Version: 1.3
Check: package vignettes
Result: NOTE
    Package vignette with placeholder title 'Vignette Title':
     'GUILDS.Rmd'
Flavors: r-devel-linux-x86_64-debian-clang, r-devel-linux-x86_64-debian-gcc, r-devel-windows-x86_64-new-UL, r-patched-linux-x86_64, r-release-linux-x86_64, r-release-windows-ix86+x86_64, r-oldrel-windows-ix86+x86_64

Version: 1.3
Check: compiled code
Result: NOTE
    File ‘GUILDS/libs/GUILDS.so’:
     Found no calls to: ‘R_registerRoutines’, ‘R_useDynamicSymbols’
    
    It is good practice to register native routines and to disable symbol
    search.
    
    See ‘Writing portable packages’ in the ‘Writing R Extensions’ manual.
Flavors: r-devel-linux-x86_64-fedora-clang, r-devel-linux-x86_64-fedora-gcc