CRAN Package Check Results for Package GSE

Last updated on 2022-07-04 06:51:25 CEST.

Flavor Version Tinstall Tcheck Ttotal Status Flags
r-devel-linux-x86_64-debian-clang 4.2 88.54 87.82 176.36 WARN
r-devel-linux-x86_64-debian-gcc 4.2 77.02 64.91 141.93 OK
r-devel-linux-x86_64-fedora-clang 4.2 261.99 WARN
r-devel-linux-x86_64-fedora-gcc 4.2 237.70 OK
r-devel-windows-x86_64 4.2 72.00 135.00 207.00 OK
r-patched-linux-x86_64 4.2 79.65 81.39 161.04 OK
r-release-linux-x86_64 4.2 77.19 82.39 159.58 OK
r-release-macos-arm64 4.2 62.00 NOTE
r-release-macos-x86_64 4.2 113.00 OK
r-release-windows-x86_64 4.2 88.00 140.00 228.00 OK
r-oldrel-macos-arm64 4.2 72.00 NOTE
r-oldrel-macos-x86_64 4.2 102.00 OK
r-oldrel-windows-ix86+x86_64 4.2 220.00 149.00 369.00 OK

Additional issues

clang14

Check Details

Version: 4.2
Check: whether package can be installed
Result: WARN
    Found the following significant warnings:
     cov-em.cpp:169:7: warning: use of bitwise '&' with boolean operands [-Wbitwise-instead-of-logical]
     cov-em.cpp:174:12: warning: use of bitwise '&' with boolean operands [-Wbitwise-instead-of-logical]
Flavors: r-devel-linux-x86_64-debian-clang, r-devel-linux-x86_64-fedora-clang

Version: 4.2
Check: installed package size
Result: NOTE
     installed size is 5.0Mb
     sub-directories of 1Mb or more:
     libs 4.5Mb
Flavors: r-release-macos-arm64, r-oldrel-macos-arm64