Last updated on 2022-07-04 06:51:25 CEST.
Flavor | Version | Tinstall | Tcheck | Ttotal | Status | Flags |
---|---|---|---|---|---|---|
r-devel-linux-x86_64-debian-clang | 0.1.3 | 137.57 | 87.30 | 224.87 | WARN | |
r-devel-linux-x86_64-debian-gcc | 0.1.3 | 104.34 | 57.04 | 161.38 | OK | |
r-devel-linux-x86_64-fedora-clang | 0.1.3 | 334.26 | WARN | |||
r-devel-linux-x86_64-fedora-gcc | 0.1.3 | 284.03 | OK | |||
r-devel-windows-x86_64 | 0.1.3 | 139.00 | 135.00 | 274.00 | OK | |
r-patched-linux-x86_64 | 0.1.3 | 109.20 | 74.29 | 183.49 | OK | |
r-release-linux-x86_64 | 0.1.3 | 116.16 | 73.86 | 190.02 | OK | |
r-release-macos-arm64 | 0.1.3 | 72.00 | NOTE | |||
r-release-macos-x86_64 | 0.1.3 | 205.00 | NOTE | |||
r-release-windows-x86_64 | 0.1.3 | 353.00 | 138.00 | 491.00 | OK | |
r-oldrel-macos-arm64 | 0.1.3 | 82.00 | NOTE | |||
r-oldrel-macos-x86_64 | 0.1.3 | 130.00 | NOTE | |||
r-oldrel-windows-ix86+x86_64 | 0.1.3 | 334.00 | 120.00 | 454.00 | OK |
Version: 0.1.3
Check: whether package can be installed
Result: WARN
Found the following significant warnings:
U_NZentries.cpp:27:7: warning: use of bitwise '&' with boolean operands [-Wbitwise-instead-of-logical]
Flavors: r-devel-linux-x86_64-debian-clang, r-devel-linux-x86_64-fedora-clang
Version: 0.1.3
Check: installed package size
Result: NOTE
installed size is 6.0Mb
sub-directories of 1Mb or more:
libs 5.6Mb
Flavors: r-release-macos-arm64, r-release-macos-x86_64, r-oldrel-macos-arm64, r-oldrel-macos-x86_64