CRAN Package Check Results for Package GLMaSPU

Last updated on 2022-08-19 06:52:24 CEST.

Flavor Version Tinstall Tcheck Ttotal Status Flags
r-devel-linux-x86_64-debian-clang 1.0 31.87 33.33 65.20 OK
r-devel-linux-x86_64-debian-gcc 1.0 25.08 26.07 51.15 OK
r-devel-linux-x86_64-fedora-clang 1.0 102.89 NOTE
r-devel-linux-x86_64-fedora-gcc 1.0 96.62 NOTE
r-devel-windows-x86_64 1.0 32.00 77.00 109.00 OK
r-patched-linux-x86_64 1.0 26.56 32.19 58.75 OK
r-release-linux-x86_64 1.0 OK
r-release-macos-arm64 1.0 27.00 OK
r-release-macos-x86_64 1.0 36.00 OK
r-release-windows-x86_64 1.0 28.00 81.00 109.00 OK
r-oldrel-macos-arm64 1.0 36.00 OK
r-oldrel-macos-x86_64 1.0 49.00 OK
r-oldrel-windows-ix86+x86_64 1.0 80.00 79.00 159.00 OK

Check Details

Version: 1.0
Check: compiled code
Result: NOTE
    File ‘GLMaSPU/libs/GLMaSPU.so’:
     Found no calls to: ‘R_registerRoutines’, ‘R_useDynamicSymbols’
    
    It is good practice to register native routines and to disable symbol
    search.
    
    See ‘Writing portable packages’ in the ‘Writing R Extensions’ manual.
Flavors: r-devel-linux-x86_64-fedora-clang, r-devel-linux-x86_64-fedora-gcc