CRAN Package Check Results for Package GGMncv

Last updated on 2022-07-06 06:52:51 CEST.

Flavor Version Tinstall Tcheck Ttotal Status Flags
r-devel-linux-x86_64-debian-clang 2.1.1 39.07 124.72 163.79 NOTE
r-devel-linux-x86_64-debian-gcc 2.1.1 33.16 92.36 125.52 NOTE
r-devel-linux-x86_64-fedora-clang 2.1.1 227.53 NOTE
r-devel-linux-x86_64-fedora-gcc 2.1.1 216.33 NOTE
r-devel-windows-x86_64 2.1.1 46.00 196.00 242.00 NOTE
r-patched-linux-x86_64 2.1.1 32.47 124.44 156.91 OK
r-release-linux-x86_64 2.1.1 36.23 122.70 158.93 OK
r-release-macos-arm64 2.1.1 75.00 NOTE
r-release-macos-x86_64 2.1.1 171.00 NOTE
r-release-windows-x86_64 2.1.1 44.00 210.00 254.00 OK
r-oldrel-macos-arm64 2.1.1 60.00 NOTE
r-oldrel-macos-x86_64 2.1.1 100.00 NOTE
r-oldrel-windows-ix86+x86_64 2.1.1 96.00 186.00 282.00 OK

Check Details

Version: 2.1.1
Check: Rd files
Result: NOTE
    checkRd: (-1) boot_eip.Rd:50: Escaped LaTeX specials: \&
    checkRd: (-1) constrained.Rd:93: Escaped LaTeX specials: \&
Flavors: r-devel-linux-x86_64-debian-clang, r-devel-linux-x86_64-debian-gcc, r-devel-linux-x86_64-fedora-clang, r-devel-linux-x86_64-fedora-gcc, r-devel-windows-x86_64

Version: 2.1.1
Check: dependencies in R code
Result: NOTE
    Namespaces in Imports field not imported from:
     ‘Rdpack’ ‘mathjaxr’
     All declared Imports should be used.
Flavors: r-devel-linux-x86_64-fedora-clang, r-devel-linux-x86_64-fedora-gcc, r-release-macos-arm64, r-release-macos-x86_64, r-oldrel-macos-arm64, r-oldrel-macos-x86_64