CRAN Package Check Results for Package GGIR

Last updated on 2022-07-05 07:50:56 CEST.

Flavor Version Tinstall Tcheck Ttotal Status Flags
r-devel-linux-x86_64-debian-clang 2.7-1 64.34 203.84 268.18 OK
r-devel-linux-x86_64-debian-gcc 2.7-1 45.96 147.75 193.71 OK
r-devel-linux-x86_64-fedora-clang 2.7-1 349.55 NOTE
r-devel-linux-x86_64-fedora-gcc 2.7-1 336.48 OK
r-devel-windows-x86_64 2.7-1 90.00 268.00 358.00 NOTE
r-patched-linux-x86_64 2.7-1 58.69 191.83 250.52 OK
r-release-linux-x86_64 2.7-1 46.90 188.48 235.38 OK
r-release-macos-arm64 2.7-1 109.00 ERROR
r-release-macos-x86_64 2.7-1 126.00 NOTE
r-release-windows-x86_64 2.7-1 95.00 296.00 391.00 NOTE
r-oldrel-macos-arm64 2.7-1 99.00 ERROR
r-oldrel-macos-x86_64 2.7-1 125.00 NOTE
r-oldrel-windows-ix86+x86_64 2.7-1 133.00 377.00 510.00 NOTE

Check Details

Version: 2.7-1
Check: installed package size
Result: NOTE
     installed size is 7.5Mb
     sub-directories of 1Mb or more:
     doc 3.8Mb
     libs 1.0Mb
Flavors: r-devel-linux-x86_64-fedora-clang, r-devel-windows-x86_64, r-release-macos-arm64, r-release-macos-x86_64, r-release-windows-x86_64, r-oldrel-macos-arm64, r-oldrel-macos-x86_64, r-oldrel-windows-ix86+x86_64

Version: 2.7-1
Check: tests
Result: ERROR
     Running ‘testthat.R’ [21s/27s]
    Running the tests in ‘tests/testthat.R’ failed.
    Last 13 lines of output:
     ── Failure (test_gloadlog.R:46:3): gloadlog is able to load different log formats ──
     logs3$sleeplog$sleeponset not equal to c("23:0:5", "23:0:6", "23:0:7").
     Lengths differ: 2 is not 3
     ── Failure (test_gloadlog.R:47:3): gloadlog is able to load different log formats ──
     nrow(logs3$nonwearlog) not equal to 3.
     1/1 mismatches
     [1] 2 - 3 == -1
     ── Failure (test_gloadlog.R:49:3): gloadlog is able to load different log formats ──
     nrow(logs3$naplog) not equal to 3.
     1/1 mismatches
     [1] 2 - 3 == -1
    
     [ FAIL 11 | WARN 0 | SKIP 13 | PASS 174 ]
     Error: Test failures
     Execution halted
Flavor: r-release-macos-arm64

Version: 2.7-1
Check: tests
Result: ERROR
     Running ‘testthat.R’ [20s/24s]
    Running the tests in ‘tests/testthat.R’ failed.
    Last 13 lines of output:
     ── Failure (test_gloadlog.R:46:3): gloadlog is able to load different log formats ──
     logs3$sleeplog$sleeponset not equal to c("23:0:5", "23:0:6", "23:0:7").
     Lengths differ: 2 is not 3
     ── Failure (test_gloadlog.R:47:3): gloadlog is able to load different log formats ──
     nrow(logs3$nonwearlog) not equal to 3.
     1/1 mismatches
     [1] 2 - 3 == -1
     ── Failure (test_gloadlog.R:49:3): gloadlog is able to load different log formats ──
     nrow(logs3$naplog) not equal to 3.
     1/1 mismatches
     [1] 2 - 3 == -1
    
     [ FAIL 11 | WARN 0 | SKIP 13 | PASS 174 ]
     Error: Test failures
     Execution halted
Flavor: r-oldrel-macos-arm64