CRAN Package Check Results for Package GB2group

Last updated on 2022-08-12 06:49:20 CEST.

Flavor Version Tinstall Tcheck Ttotal Status Flags
r-devel-linux-x86_64-debian-clang 0.3.0 9.17 95.91 105.08 NOTE
r-devel-linux-x86_64-debian-gcc 0.3.0 9.12 71.33 80.45 NOTE
r-devel-linux-x86_64-fedora-clang 0.3.0 141.86 NOTE
r-devel-linux-x86_64-fedora-gcc 0.3.0 141.97 NOTE
r-devel-windows-x86_64 0.3.0 20.00 117.00 137.00 NOTE
r-patched-linux-x86_64 0.3.0 10.85 90.54 101.39 NOTE
r-release-linux-x86_64 0.3.0 9.39 90.35 99.74 NOTE
r-release-macos-arm64 0.3.0 34.00 NOTE
r-release-macos-x86_64 0.3.0 67.00 NOTE
r-release-windows-x86_64 0.3.0 25.00 117.00 142.00 NOTE
r-oldrel-macos-arm64 0.3.0 49.00 NOTE
r-oldrel-macos-x86_64 0.3.0 72.00 NOTE
r-oldrel-windows-ix86+x86_64 0.3.0 23.00 108.00 131.00 NOTE

Check Details

Version: 0.3.0
Check: LazyData
Result: NOTE
     'LazyData' is specified without a 'data' directory
Flavors: r-devel-linux-x86_64-debian-clang, r-devel-linux-x86_64-debian-gcc, r-devel-linux-x86_64-fedora-clang, r-devel-linux-x86_64-fedora-gcc, r-devel-windows-x86_64, r-patched-linux-x86_64, r-release-linux-x86_64, r-release-macos-arm64, r-release-macos-x86_64, r-release-windows-x86_64, r-oldrel-macos-arm64, r-oldrel-macos-x86_64, r-oldrel-windows-ix86+x86_64