CRAN Package Check Results for Package FracKrigingR

Last updated on 2022-08-19 06:52:23 CEST.

Flavor Version Tinstall Tcheck Ttotal Status Flags
r-devel-linux-x86_64-debian-clang 1.0.0 2.30 37.47 39.77 OK
r-devel-linux-x86_64-debian-gcc 1.0.0 1.36 25.93 27.29 OK
r-devel-linux-x86_64-fedora-clang 1.0.0 57.28 NOTE
r-devel-linux-x86_64-fedora-gcc 1.0.0 57.17 NOTE
r-devel-windows-x86_64 1.0.0 4.00 64.00 68.00 OK
r-patched-linux-x86_64 1.0.0 2.37 34.38 36.75 OK
r-release-linux-x86_64 1.0.0 OK
r-release-macos-arm64 1.0.0 19.00 NOTE
r-release-macos-x86_64 1.0.0 24.00 NOTE
r-release-windows-x86_64 1.0.0 15.00 62.00 77.00 OK
r-oldrel-macos-arm64 1.0.0 21.00 NOTE
r-oldrel-macos-x86_64 1.0.0 24.00 NOTE
r-oldrel-windows-ix86+x86_64 1.0.0 6.00 69.00 75.00 OK

Check Details

Version: 1.0.0
Check: dependencies in R code
Result: NOTE
    Namespace in Imports field not imported from: ‘psych’
     All declared Imports should be used.
Flavors: r-devel-linux-x86_64-fedora-clang, r-devel-linux-x86_64-fedora-gcc, r-release-macos-arm64, r-release-macos-x86_64, r-oldrel-macos-arm64, r-oldrel-macos-x86_64