Last updated on 2022-08-10 07:51:41 CEST.
Flavor | Version | Tinstall | Tcheck | Ttotal | Status | Flags |
---|---|---|---|---|---|---|
r-devel-linux-x86_64-debian-clang | 0.2.5 | 22.69 | 143.43 | 166.12 | OK | |
r-devel-linux-x86_64-debian-gcc | 0.2.5 | 16.76 | 105.58 | 122.34 | OK | |
r-devel-linux-x86_64-fedora-clang | 0.2.5 | 216.36 | NOTE | |||
r-devel-linux-x86_64-fedora-gcc | 0.2.5 | 213.01 | NOTE | |||
r-devel-windows-x86_64 | 0.2.5 | 56.00 | 194.00 | 250.00 | OK | |
r-patched-linux-x86_64 | 0.2.5 | 16.57 | 136.89 | 153.46 | OK | |
r-release-linux-x86_64 | 0.2.5 | OK | ||||
r-release-macos-arm64 | 0.2.5 | 52.00 | NOTE | |||
r-release-macos-x86_64 | 0.2.5 | 74.00 | NOTE | |||
r-release-windows-x86_64 | 0.2.5 | 91.00 | 199.00 | 290.00 | OK | |
r-oldrel-macos-arm64 | 0.2.5 | 49.00 | NOTE | |||
r-oldrel-macos-x86_64 | 0.2.5 | 65.00 | NOTE | |||
r-oldrel-windows-ix86+x86_64 | 0.2.5 | 51.00 | 219.00 | 270.00 | NOTE |
Version: 0.2.5
Check: dependencies in R code
Result: NOTE
Namespace in Imports field not imported from: ‘methods’
All declared Imports should be used.
Flavors: r-devel-linux-x86_64-fedora-clang, r-devel-linux-x86_64-fedora-gcc, r-release-macos-arm64, r-release-macos-x86_64, r-oldrel-macos-arm64, r-oldrel-macos-x86_64
Version: 0.2.5
Check: installed package size
Result: NOTE
installed size is 5.5Mb
sub-directories of 1Mb or more:
data 2.4Mb
libs 2.0Mb
Flavor: r-oldrel-windows-ix86+x86_64