CRAN Package Check Results for Package FlexGAM

Last updated on 2022-07-03 07:51:53 CEST.

Flavor Version Tinstall Tcheck Ttotal Status Flags
r-devel-linux-x86_64-debian-clang 0.7.2 8.52 82.88 91.40 NOTE
r-devel-linux-x86_64-debian-gcc 0.7.2 8.96 61.37 70.33 NOTE
r-devel-linux-x86_64-fedora-clang 0.7.2 119.75 NOTE
r-devel-linux-x86_64-fedora-gcc 0.7.2 119.82 NOTE
r-devel-windows-x86_64 0.7.2 19.00 100.00 119.00 NOTE
r-patched-linux-x86_64 0.7.2 10.04 80.80 90.84 NOTE
r-release-linux-x86_64 0.7.2 10.17 77.94 88.11 NOTE
r-release-macos-arm64 0.7.2 29.00 NOTE
r-release-macos-x86_64 0.7.2 48.00 NOTE
r-release-windows-x86_64 0.7.2 20.00 126.00 146.00 NOTE
r-oldrel-macos-arm64 0.7.2 39.00 NOTE
r-oldrel-macos-x86_64 0.7.2 63.00 NOTE
r-oldrel-windows-ix86+x86_64 0.7.2 21.00 100.00 121.00 NOTE

Check Details

Version: 0.7.2
Check: LazyData
Result: NOTE
     'LazyData' is specified without a 'data' directory
Flavors: r-devel-linux-x86_64-debian-clang, r-devel-linux-x86_64-debian-gcc, r-devel-linux-x86_64-fedora-clang, r-devel-linux-x86_64-fedora-gcc, r-devel-windows-x86_64, r-patched-linux-x86_64, r-release-linux-x86_64, r-release-macos-arm64, r-release-macos-x86_64, r-release-windows-x86_64, r-oldrel-macos-arm64, r-oldrel-macos-x86_64, r-oldrel-windows-ix86+x86_64