CRAN Package Check Results for Package FishPhyloMaker

Last updated on 2022-08-19 06:52:23 CEST.

Flavor Version Tinstall Tcheck Ttotal Status Flags
r-devel-linux-x86_64-debian-clang 0.2.0 3.94 40.91 44.85 OK
r-devel-linux-x86_64-debian-gcc 0.2.0 3.12 31.38 34.50 OK
r-devel-linux-x86_64-fedora-clang 0.2.0 65.24 NOTE
r-devel-linux-x86_64-fedora-gcc 0.2.0 62.34 NOTE
r-devel-windows-x86_64 0.2.0 54.00 84.00 138.00 OK
r-patched-linux-x86_64 0.2.0 3.40 37.37 40.77 OK
r-release-linux-x86_64 0.2.0 OK
r-release-macos-arm64 0.2.0 21.00 NOTE
r-release-macos-x86_64 0.2.0 42.00 NOTE
r-release-windows-x86_64 0.2.0 55.00 75.00 130.00 OK
r-oldrel-macos-arm64 0.2.0 20.00 NOTE
r-oldrel-macos-x86_64 0.2.0 33.00 NOTE
r-oldrel-windows-ix86+x86_64 0.2.0 10.00 65.00 75.00 OK

Check Details

Version: 0.2.0
Check: dependencies in R code
Result: NOTE
    Namespaces in Imports field not imported from:
     ‘knitr’ ‘rmarkdown’ ‘utils’
     All declared Imports should be used.
Flavors: r-devel-linux-x86_64-fedora-clang, r-devel-linux-x86_64-fedora-gcc, r-release-macos-arm64, r-release-macos-x86_64, r-oldrel-macos-arm64, r-oldrel-macos-x86_64