Last updated on 2022-06-30 06:49:24 CEST.
Flavor | Version | Tinstall | Tcheck | Ttotal | Status | Flags |
---|---|---|---|---|---|---|
r-devel-linux-x86_64-debian-clang | 0.9.5 | 10.18 | 93.15 | 103.33 | NOTE | |
r-devel-linux-x86_64-debian-gcc | 0.9.5 | 9.42 | 69.43 | 78.85 | NOTE | |
r-devel-linux-x86_64-fedora-clang | 0.9.5 | 137.41 | NOTE | |||
r-devel-linux-x86_64-fedora-gcc | 0.9.5 | 141.36 | NOTE | |||
r-devel-windows-x86_64 | 0.9.5 | 62.00 | 115.00 | 177.00 | NOTE | |
r-patched-linux-x86_64 | 0.9.5 | 15.13 | 98.75 | 113.88 | NOTE | |
r-release-linux-x86_64 | 0.9.5 | 15.34 | 98.40 | 113.74 | NOTE | |
r-release-macos-arm64 | 0.9.5 | 70.00 | NOTE | |||
r-release-macos-x86_64 | 0.9.5 | 119.00 | NOTE | |||
r-release-windows-x86_64 | 0.9.5 | 61.00 | 108.00 | 169.00 | NOTE | |
r-oldrel-macos-arm64 | 0.9.5 | 85.00 | NOTE | |||
r-oldrel-macos-x86_64 | 0.9.5 | 92.00 | NOTE | |||
r-oldrel-windows-ix86+x86_64 | 0.9.5 | 25.00 | 133.00 | 158.00 | NOTE |
Version: 0.9.5
Check: LazyData
Result: NOTE
'LazyData' is specified without a 'data' directory
Flavors: r-devel-linux-x86_64-debian-clang, r-devel-linux-x86_64-debian-gcc, r-devel-linux-x86_64-fedora-clang, r-devel-linux-x86_64-fedora-gcc, r-devel-windows-x86_64, r-patched-linux-x86_64, r-release-linux-x86_64, r-release-macos-arm64, r-release-macos-x86_64, r-release-windows-x86_64, r-oldrel-macos-arm64, r-oldrel-macos-x86_64, r-oldrel-windows-ix86+x86_64