CRAN Package Check Results for Package FeatureTerminatoR

Last updated on 2022-05-21 07:55:23 CEST.

Flavor Version Tinstall Tcheck Ttotal Status Flags
r-devel-linux-x86_64-debian-clang 1.0.0 16.78 163.44 180.22 OK
r-devel-linux-x86_64-debian-gcc 1.0.0 13.07 125.87 138.94 OK
r-devel-linux-x86_64-fedora-clang 1.0.0 215.49 NOTE
r-devel-linux-x86_64-fedora-gcc 1.0.0 206.63 NOTE
r-devel-windows-x86_64 1.0.0 31.00 182.00 213.00 OK
r-patched-linux-x86_64 1.0.0 15.73 154.30 170.03 OK
r-release-linux-x86_64 1.0.0 11.76 155.06 166.82 OK
r-release-macos-arm64 1.0.0 56.00 NOTE
r-release-macos-x86_64 1.0.0 102.00 NOTE
r-release-windows-x86_64 1.0.0 28.00 179.00 207.00 OK
r-oldrel-macos-arm64 1.0.0 82.00 NOTE
r-oldrel-macos-x86_64 1.0.0 79.00 NOTE
r-oldrel-windows-ix86+x86_64 1.0.0 36.00 169.00 205.00 OK

Check Details

Version: 1.0.0
Check: dependencies in R code
Result: NOTE
    Namespaces in Imports field not imported from:
     ‘e1071’ ‘lattice’ ‘randomForest’ ‘tibble’ ‘utils’
     All declared Imports should be used.
Flavors: r-devel-linux-x86_64-fedora-clang, r-devel-linux-x86_64-fedora-gcc, r-release-macos-arm64, r-release-macos-x86_64, r-oldrel-macos-arm64, r-oldrel-macos-x86_64