CRAN Package Check Results for Package FastGP

Last updated on 2022-07-02 07:06:58 CEST.

Flavor Version Tinstall Tcheck Ttotal Status Flags
r-devel-linux-x86_64-debian-clang 1.2 44.24 31.44 75.68 OK
r-devel-linux-x86_64-debian-gcc 1.2 35.92 25.54 61.46 OK
r-devel-linux-x86_64-fedora-clang 1.2 124.63 NOTE
r-devel-linux-x86_64-fedora-gcc 1.2 106.88 NOTE
r-devel-windows-x86_64 1.2 43.00 81.00 124.00 OK
r-patched-linux-x86_64 1.2 43.21 31.77 74.98 OK
r-release-linux-x86_64 1.2 39.82 31.78 71.60 OK
r-release-macos-arm64 1.2 32.00 NOTE
r-release-macos-x86_64 1.2 42.00 NOTE
r-release-windows-x86_64 1.2 97.00 128.00 225.00 OK
r-oldrel-macos-arm64 1.2 42.00 NOTE
r-oldrel-macos-x86_64 1.2 55.00 NOTE
r-oldrel-windows-ix86+x86_64 1.2 112.00 76.00 188.00 OK

Check Details

Version: 1.2
Check: installed package size
Result: NOTE
     installed size is 5.9Mb
     sub-directories of 1Mb or more:
     libs 5.4Mb
Flavors: r-devel-linux-x86_64-fedora-clang, r-release-macos-arm64, r-release-macos-x86_64, r-oldrel-macos-arm64, r-oldrel-macos-x86_64

Version: 1.2
Check: compiled code
Result: NOTE
    File ‘FastGP/libs/FastGP.so’:
     Found no calls to: ‘R_registerRoutines’, ‘R_useDynamicSymbols’
    
    It is good practice to register native routines and to disable symbol
    search.
    
    See ‘Writing portable packages’ in the ‘Writing R Extensions’ manual.
Flavors: r-devel-linux-x86_64-fedora-clang, r-devel-linux-x86_64-fedora-gcc