Last updated on 2022-05-25 07:50:19 CEST.
Flavor | Version | Tinstall | Tcheck | Ttotal | Status | Flags |
---|---|---|---|---|---|---|
r-devel-linux-x86_64-debian-clang | 0.0.2 | 4.60 | 59.29 | 63.89 | OK | |
r-devel-linux-x86_64-debian-gcc | 0.0.2 | 3.70 | 44.63 | 48.33 | OK | |
r-devel-linux-x86_64-fedora-clang | 0.0.2 | 76.48 | NOTE | |||
r-devel-linux-x86_64-fedora-gcc | 0.0.2 | 78.59 | NOTE | |||
r-devel-windows-x86_64 | 0.0.2 | 21.00 | 76.00 | 97.00 | OK | |
r-patched-linux-x86_64 | 0.0.2 | 5.19 | 55.86 | 61.05 | OK | |
r-release-linux-x86_64 | 0.0.2 | OK | ||||
r-release-macos-arm64 | 0.0.2 | 22.00 | NOTE | |||
r-release-macos-x86_64 | 0.0.2 | 42.00 | NOTE | |||
r-release-windows-x86_64 | 0.0.2 | 22.00 | 82.00 | 104.00 | OK | |
r-oldrel-macos-arm64 | 0.0.2 | 21.00 | NOTE | |||
r-oldrel-macos-x86_64 | 0.0.2 | 29.00 | NOTE | |||
r-oldrel-windows-ix86+x86_64 | 0.0.2 | 12.00 | 65.00 | 77.00 | OK |
Version: 0.0.2
Check: dependencies in R code
Result: NOTE
Namespace in Imports field not imported from: ‘stringr’
All declared Imports should be used.
Flavors: r-devel-linux-x86_64-fedora-clang, r-devel-linux-x86_64-fedora-gcc, r-release-macos-arm64, r-release-macos-x86_64, r-oldrel-macos-arm64, r-oldrel-macos-x86_64