Last updated on 2022-05-16 06:52:23 CEST.
Flavor | Version | Tinstall | Tcheck | Ttotal | Status | Flags |
---|---|---|---|---|---|---|
r-devel-linux-x86_64-debian-clang | 1.1.15 | 46.55 | 355.34 | 401.89 | OK | |
r-devel-linux-x86_64-debian-gcc | 1.1.15 | 38.54 | 260.00 | 298.54 | OK | |
r-devel-linux-x86_64-fedora-clang | 1.1.15 | 476.86 | OK | |||
r-devel-linux-x86_64-fedora-gcc | 1.1.15 | 468.90 | OK | |||
r-devel-windows-x86_64 | 1.1.15 | 84.00 | 365.00 | 449.00 | OK | |
r-patched-linux-x86_64 | 1.1.15 | 40.87 | 325.47 | 366.34 | OK | |
r-release-linux-x86_64 | 1.1.15 | 40.48 | 335.06 | 375.54 | OK | |
r-release-macos-arm64 | 1.1.15 | 143.00 | OK | |||
r-release-macos-x86_64 | 1.1.15 | 196.00 | WARN | |||
r-release-windows-x86_64 | 1.1.15 | 79.00 | 370.00 | 449.00 | OK | |
r-oldrel-macos-arm64 | 1.1.15 | 181.00 | OK | |||
r-oldrel-macos-x86_64 | 1.1.15 | 190.00 | WARN | |||
r-oldrel-windows-ix86+x86_64 | 1.1.15 | 105.00 | 450.00 | 555.00 | OK |
Version: 1.1.15
Check: whether package can be installed
Result: WARN
Found the following significant warnings:
VP_psi.c:843:8: warning: 'gsl_finite' is deprecated: first deprecated in macOS 10.9 [-Wdeprecated-declarations]
VP_psi.c:843:41: warning: 'gsl_finite' is deprecated: first deprecated in macOS 10.9 [-Wdeprecated-declarations]
Flavors: r-release-macos-x86_64, r-oldrel-macos-x86_64