Last updated on 2022-05-19 07:50:08 CEST.
Flavor | Version | Tinstall | Tcheck | Ttotal | Status | Flags |
---|---|---|---|---|---|---|
r-devel-linux-x86_64-debian-clang | 3.1 | 6.77 | 51.74 | 58.51 | NOTE | |
r-devel-linux-x86_64-debian-gcc | 3.1 | 4.54 | 38.54 | 43.08 | NOTE | |
r-devel-linux-x86_64-fedora-clang | 3.1 | 67.55 | NOTE | |||
r-devel-linux-x86_64-fedora-gcc | 3.1 | 66.35 | NOTE | |||
r-devel-windows-x86_64 | 3.1 | 21.00 | 63.00 | 84.00 | NOTE | |
r-patched-linux-x86_64 | 3.1 | 5.86 | 11.21 | 17.07 | FAIL | |
r-release-linux-x86_64 | 3.1 | 5.89 | 50.00 | 55.89 | NOTE | |
r-release-macos-arm64 | 3.1 | 18.00 | NOTE | |||
r-release-macos-x86_64 | 3.1 | 28.00 | NOTE | |||
r-release-windows-x86_64 | 3.1 | 10.00 | 60.00 | 70.00 | NOTE | |
r-oldrel-macos-arm64 | 3.1 | 41.00 | NOTE | |||
r-oldrel-macos-x86_64 | 3.1 | 31.00 | NOTE | |||
r-oldrel-windows-ix86+x86_64 | 3.1 | 10.00 | 55.00 | 65.00 | NOTE |
Version: 3.1
Check: package dependencies
Result: NOTE
Package suggested but not available for checking: 'ExactData'
Flavors: r-devel-linux-x86_64-debian-clang, r-devel-linux-x86_64-debian-gcc, r-devel-linux-x86_64-fedora-clang, r-devel-linux-x86_64-fedora-gcc, r-devel-windows-x86_64, r-release-linux-x86_64, r-release-macos-arm64, r-release-macos-x86_64, r-release-windows-x86_64, r-oldrel-macos-arm64, r-oldrel-macos-x86_64, r-oldrel-windows-ix86+x86_64
Version: 3.1
Check: package dependencies
Result: FAIL
Flavor: r-patched-linux-x86_64