CRAN Package Check Results for Package EstimationTools

Last updated on 2022-01-26 06:50:13 CET.

Flavor Version Tinstall Tcheck Ttotal Status Flags
r-devel-linux-x86_64-debian-clang 2.1.0 10.18 274.35 284.53 OK
r-devel-linux-x86_64-debian-gcc 2.1.0 8.76 203.48 212.24 OK
r-devel-linux-x86_64-fedora-clang 2.1.0 331.02 NOTE
r-devel-linux-x86_64-fedora-gcc 2.1.0 310.24 NOTE
r-devel-windows-x86_64-new-UL 2.1.0 187.00 338.00 525.00 OK
r-devel-windows-x86_64-new-TK 2.1.0 NOTE
r-patched-linux-x86_64 2.1.0 12.92 266.56 279.48 OK
r-release-linux-x86_64 2.1.0 7.01 270.94 277.95 OK
r-release-macos-arm64 2.1.0 NOTE
r-release-macos-x86_64 2.1.0 NOTE
r-release-windows-ix86+x86_64 2.1.0 21.00 324.00 345.00 OK
r-oldrel-macos-x86_64 2.1.0 NOTE
r-oldrel-windows-ix86+x86_64 2.1.0 21.00 312.00 333.00 OK

Check Details

Version: 2.1.0
Check: dependencies in R code
Result: NOTE
    Namespace in Imports field not imported from: ‘matrixStats’
     All declared Imports should be used.
Flavors: r-devel-linux-x86_64-fedora-clang, r-devel-linux-x86_64-fedora-gcc, r-devel-windows-x86_64-new-TK, r-release-macos-arm64, r-release-macos-x86_64, r-oldrel-macos-x86_64