Last updated on 2022-05-21 07:55:22 CEST.
Flavor | Version | Tinstall | Tcheck | Ttotal | Status | Flags |
---|---|---|---|---|---|---|
r-devel-linux-x86_64-debian-clang | 2.7.0 | 71.24 | 516.37 | 587.61 | OK | |
r-devel-linux-x86_64-debian-gcc | 2.7.0 | 51.64 | 367.24 | 418.88 | OK | |
r-devel-linux-x86_64-fedora-clang | 2.7.0 | 661.55 | NOTE | |||
r-devel-linux-x86_64-fedora-gcc | 2.7.0 | 657.76 | OK | |||
r-devel-windows-x86_64 | 2.7.0 | 419.00 | 561.00 | 980.00 | NOTE | |
r-patched-linux-x86_64 | 2.7.0 | 88.63 | 458.41 | 547.04 | OK | |
r-release-linux-x86_64 | 2.7.0 | 64.47 | 462.19 | 526.66 | OK | |
r-release-macos-arm64 | 2.7.0 | 143.00 | NOTE | |||
r-release-macos-x86_64 | 2.7.0 | 202.00 | NOTE | |||
r-release-windows-x86_64 | 2.7.0 | 404.00 | 554.00 | 958.00 | NOTE | |
r-oldrel-macos-arm64 | 2.7.0 | 130.00 | NOTE | |||
r-oldrel-macos-x86_64 | 2.7.0 | 204.00 | NOTE | |||
r-oldrel-windows-ix86+x86_64 | 2.7.0 | 114.00 | 540.00 | 654.00 | NOTE |
Version: 2.7.0
Check: installed package size
Result: NOTE
installed size is 6.4Mb
sub-directories of 1Mb or more:
R 2.3Mb
help 3.4Mb
Flavors: r-devel-linux-x86_64-fedora-clang, r-devel-windows-x86_64, r-release-macos-arm64, r-release-macos-x86_64, r-release-windows-x86_64, r-oldrel-macos-arm64, r-oldrel-macos-x86_64, r-oldrel-windows-ix86+x86_64