Last updated on 2022-05-20 06:50:55 CEST.
Flavor | Version | Tinstall | Tcheck | Ttotal | Status | Flags |
---|---|---|---|---|---|---|
r-devel-linux-x86_64-debian-clang | 0.9.1 | 21.49 | 289.50 | 310.99 | NOTE | |
r-devel-linux-x86_64-debian-gcc | 0.9.1 | 16.26 | 209.88 | 226.14 | NOTE | |
r-devel-linux-x86_64-fedora-clang | 0.9.1 | 363.80 | NOTE | |||
r-devel-linux-x86_64-fedora-gcc | 0.9.1 | 356.62 | NOTE | |||
r-devel-windows-x86_64 | 0.9.1 | 23.00 | 301.00 | 324.00 | NOTE | |
r-patched-linux-x86_64 | 0.9.1 | 19.97 | 268.65 | 288.62 | NOTE | |
r-release-linux-x86_64 | 0.9.1 | 15.23 | 266.34 | 281.57 | NOTE | |
r-release-macos-arm64 | 0.9.1 | 140.00 | NOTE | |||
r-release-macos-x86_64 | 0.9.1 | 236.00 | NOTE | |||
r-release-windows-x86_64 | 0.9.1 | 22.00 | 294.00 | 316.00 | NOTE | |
r-oldrel-macos-arm64 | 0.9.1 | 157.00 | NOTE | |||
r-oldrel-macos-x86_64 | 0.9.1 | 273.00 | NOTE | |||
r-oldrel-windows-ix86+x86_64 | 0.9.1 | 46.00 | 400.00 | 446.00 | NOTE |
Version: 0.9.1
Check: LazyData
Result: NOTE
'LazyData' is specified without a 'data' directory
Flavors: r-devel-linux-x86_64-debian-clang, r-devel-linux-x86_64-debian-gcc, r-devel-linux-x86_64-fedora-clang, r-devel-linux-x86_64-fedora-gcc, r-devel-windows-x86_64, r-patched-linux-x86_64, r-release-linux-x86_64, r-release-macos-arm64, r-release-macos-x86_64, r-release-windows-x86_64, r-oldrel-macos-arm64, r-oldrel-macos-x86_64, r-oldrel-windows-ix86+x86_64