CRAN Package Check Results for Package EcoIndR

Last updated on 2022-07-07 06:49:52 CEST.

Flavor Version Tinstall Tcheck Ttotal Status Flags
r-devel-linux-x86_64-debian-clang 1.8 7.07 70.00 77.07 NOTE
r-devel-linux-x86_64-debian-gcc 1.8 6.56 53.81 60.37 NOTE
r-devel-linux-x86_64-fedora-clang 1.8 104.17 NOTE
r-devel-linux-x86_64-fedora-gcc 1.8 101.81 NOTE
r-devel-windows-x86_64 1.8 8.00 90.00 98.00 OK
r-patched-linux-x86_64 1.8 7.69 68.17 75.86 NOTE
r-release-linux-x86_64 1.8 5.01 66.43 71.44 NOTE
r-release-macos-arm64 1.8 31.00 OK
r-release-macos-x86_64 1.8 53.00 OK
r-release-windows-x86_64 1.8 11.00 97.00 108.00 OK
r-oldrel-macos-arm64 1.8 30.00 OK
r-oldrel-macos-x86_64 1.8 46.00 OK
r-oldrel-windows-ix86+x86_64 1.8 14.00 86.00 100.00 OK

Additional issues

noSuggests

Check Details

Version: 1.8
Check: package dependencies
Result: NOTE
    Package suggested but not available for checking: 'geoR'
Flavors: r-devel-linux-x86_64-debian-clang, r-devel-linux-x86_64-debian-gcc, r-devel-linux-x86_64-fedora-clang, r-devel-linux-x86_64-fedora-gcc, r-patched-linux-x86_64, r-release-linux-x86_64

Version: 1.8
Check: Rd cross-references
Result: NOTE
    Unknown package 'geoR' in Rd xrefs
Flavors: r-devel-linux-x86_64-debian-clang, r-devel-linux-x86_64-debian-gcc, r-devel-linux-x86_64-fedora-clang, r-devel-linux-x86_64-fedora-gcc, r-patched-linux-x86_64, r-release-linux-x86_64