CRAN Package Check Results for Package ELISAtools

Last updated on 2022-08-11 06:51:43 CEST.

Flavor Version Tinstall Tcheck Ttotal Status Flags
r-devel-linux-x86_64-debian-clang 0.1.5 3.90 49.19 53.09 NOTE
r-devel-linux-x86_64-debian-gcc 0.1.5 3.31 38.14 41.45 NOTE
r-devel-linux-x86_64-fedora-clang 0.1.5 75.40 NOTE
r-devel-linux-x86_64-fedora-gcc 0.1.5 77.04 NOTE
r-devel-windows-x86_64 0.1.5 45.00 87.00 132.00 NOTE
r-patched-linux-x86_64 0.1.5 4.89 47.55 52.44 NOTE
r-release-linux-x86_64 0.1.5 NOTE
r-release-macos-arm64 0.1.5 29.00 NOTE
r-release-macos-x86_64 0.1.5 36.00 NOTE
r-release-windows-x86_64 0.1.5 46.00 88.00 134.00 NOTE
r-oldrel-macos-arm64 0.1.5 28.00 NOTE
r-oldrel-macos-x86_64 0.1.5 44.00 NOTE
r-oldrel-windows-ix86+x86_64 0.1.5 10.00 78.00 88.00 NOTE

Check Details

Version: 0.1.5
Check: LazyData
Result: NOTE
     'LazyData' is specified without a 'data' directory
Flavors: r-devel-linux-x86_64-debian-clang, r-devel-linux-x86_64-debian-gcc, r-devel-linux-x86_64-fedora-clang, r-devel-linux-x86_64-fedora-gcc, r-devel-windows-x86_64, r-patched-linux-x86_64, r-release-linux-x86_64, r-release-macos-arm64, r-release-macos-x86_64, r-release-windows-x86_64, r-oldrel-macos-arm64, r-oldrel-macos-x86_64, r-oldrel-windows-ix86+x86_64