CRAN Package Check Results for Package EFAtools

Last updated on 2022-01-22 06:48:52 CET.

Flavor Version Tinstall Tcheck Ttotal Status Flags
r-devel-linux-x86_64-debian-clang 0.3.1 90.77 597.00 687.77 OK
r-devel-linux-x86_64-debian-gcc 0.3.1 65.34 460.01 525.35 OK
r-devel-linux-x86_64-fedora-clang 0.3.1 664.05 NOTE
r-devel-linux-x86_64-fedora-gcc 0.3.1 688.67 NOTE
r-devel-windows-x86_64-new-UL 0.3.1 176.00 468.00 644.00 OK
r-devel-windows-x86_64-new-TK 0.3.1 NOTE
r-patched-linux-x86_64 0.3.1 87.45 517.79 605.24 OK
r-release-linux-x86_64 0.3.1 82.15 497.24 579.39 OK
r-release-macos-arm64 0.3.1 NOTE
r-release-macos-x86_64 0.3.1 NOTE
r-release-windows-ix86+x86_64 0.3.1 224.00 690.00 914.00 OK
r-oldrel-macos-x86_64 0.3.1 NOTE
r-oldrel-windows-ix86+x86_64 0.3.1 223.00 700.00 923.00 OK

Check Details

Version: 0.3.1
Check: installed package size
Result: NOTE
     installed size is 5.2Mb
     sub-directories of 1Mb or more:
     doc 1.0Mb
     libs 3.2Mb
Flavors: r-devel-linux-x86_64-fedora-clang, r-release-macos-arm64, r-release-macos-x86_64, r-oldrel-macos-x86_64

Version: 0.3.1
Check: dependencies in R code
Result: NOTE
    Namespace in Imports field not imported from: ‘progress’
     All declared Imports should be used.
Flavors: r-devel-linux-x86_64-fedora-clang, r-devel-linux-x86_64-fedora-gcc, r-devel-windows-x86_64-new-TK, r-release-macos-arm64, r-release-macos-x86_64, r-oldrel-macos-x86_64