Last updated on 2022-06-30 06:49:23 CEST.
Flavor | Version | Tinstall | Tcheck | Ttotal | Status | Flags |
---|---|---|---|---|---|---|
r-devel-linux-x86_64-debian-clang | 1.2.6 | 7.19 | 66.41 | 73.60 | NOTE | |
r-devel-linux-x86_64-debian-gcc | 1.2.6 | 5.74 | 50.16 | 55.90 | NOTE | |
r-devel-linux-x86_64-fedora-clang | 1.2.6 | 96.90 | NOTE | |||
r-devel-linux-x86_64-fedora-gcc | 1.2.6 | 96.88 | NOTE | |||
r-devel-windows-x86_64 | 1.2.6 | 135.00 | 91.00 | 226.00 | NOTE | |
r-patched-linux-x86_64 | 1.2.6 | 4.82 | 63.18 | 68.00 | NOTE | |
r-release-linux-x86_64 | 1.2.6 | 5.28 | 62.82 | 68.10 | NOTE | |
r-release-macos-arm64 | 1.2.6 | 29.00 | NOTE | |||
r-release-macos-x86_64 | 1.2.6 | 64.00 | NOTE | |||
r-release-windows-x86_64 | 1.2.6 | 74.00 | 88.00 | 162.00 | NOTE | |
r-oldrel-macos-arm64 | 1.2.6 | 39.00 | NOTE | |||
r-oldrel-macos-x86_64 | 1.2.6 | 53.00 | NOTE | |||
r-oldrel-windows-ix86+x86_64 | 1.2.6 | 21.00 | 87.00 | 108.00 | NOTE |
Version: 1.2.6
Check: LazyData
Result: NOTE
'LazyData' is specified without a 'data' directory
Flavors: r-devel-linux-x86_64-debian-clang, r-devel-linux-x86_64-debian-gcc, r-devel-linux-x86_64-fedora-clang, r-devel-linux-x86_64-fedora-gcc, r-devel-windows-x86_64, r-patched-linux-x86_64, r-release-linux-x86_64, r-release-macos-arm64, r-release-macos-x86_64, r-release-windows-x86_64, r-oldrel-macos-arm64, r-oldrel-macos-x86_64, r-oldrel-windows-ix86+x86_64