Last updated on 2022-05-26 06:55:39 CEST.
Flavor | Version | Tinstall | Tcheck | Ttotal | Status | Flags |
---|---|---|---|---|---|---|
r-devel-linux-x86_64-debian-clang | 0.2 | 2.05 | 84.53 | 86.58 | NOTE | |
r-devel-linux-x86_64-debian-gcc | 0.2 | 1.75 | 66.90 | 68.65 | NOTE | |
r-devel-linux-x86_64-fedora-clang | 0.2 | 98.77 | NOTE | |||
r-devel-linux-x86_64-fedora-gcc | 0.2 | 98.80 | NOTE | |||
r-devel-windows-x86_64 | 0.2 | 17.00 | 98.00 | 115.00 | NOTE | |
r-patched-linux-x86_64 | 0.2 | 2.04 | 77.87 | 79.91 | NOTE | |
r-release-linux-x86_64 | 0.2 | NOTE | ||||
r-release-macos-arm64 | 0.2 | 16.00 | NOTE | |||
r-release-macos-x86_64 | 0.2 | 46.00 | NOTE | |||
r-release-windows-x86_64 | 0.2 | 15.00 | 95.00 | 110.00 | NOTE | |
r-oldrel-macos-arm64 | 0.2 | 21.00 | NOTE | |||
r-oldrel-macos-x86_64 | 0.2 | 31.00 | NOTE | |||
r-oldrel-windows-ix86+x86_64 | 0.2 | 5.00 | 100.00 | 105.00 | NOTE |
Version: 0.2
Check: LazyData
Result: NOTE
'LazyData' is specified without a 'data' directory
Flavors: r-devel-linux-x86_64-debian-clang, r-devel-linux-x86_64-debian-gcc, r-devel-linux-x86_64-fedora-clang, r-devel-linux-x86_64-fedora-gcc, r-devel-windows-x86_64, r-patched-linux-x86_64, r-release-linux-x86_64, r-release-macos-arm64, r-release-macos-x86_64, r-release-windows-x86_64, r-oldrel-macos-arm64, r-oldrel-macos-x86_64, r-oldrel-windows-ix86+x86_64