CRAN Package Check Results for Package DesignCTPB

Last updated on 2022-05-16 06:52:22 CEST.

Flavor Version Tinstall Tcheck Ttotal Status Flags
r-devel-linux-x86_64-debian-clang 1.1.3 3.03 40.72 43.75 OK
r-devel-linux-x86_64-debian-gcc 1.1.3 2.31 30.89 33.20 OK
r-devel-linux-x86_64-fedora-clang 1.1.3 54.62 NOTE
r-devel-linux-x86_64-fedora-gcc 1.1.3 54.60 NOTE
r-devel-windows-x86_64 1.1.3 15.00 61.00 76.00 OK
r-patched-linux-x86_64 1.1.3 2.10 39.82 41.92 OK
r-release-linux-x86_64 1.1.3 1.76 39.76 41.52 OK
r-release-macos-arm64 1.1.3 20.00 NOTE
r-release-macos-x86_64 1.1.3 30.00 NOTE
r-release-windows-x86_64 1.1.3 15.00 60.00 75.00 OK
r-oldrel-macos-arm64 1.1.3 21.00 NOTE
r-oldrel-macos-x86_64 1.1.3 28.00 NOTE
r-oldrel-windows-ix86+x86_64 1.1.3 10.00 52.00 62.00 OK

Check Details

Version: 1.1.3
Check: dependencies in R code
Result: NOTE
    Namespace in Imports field not imported from: ‘dplyr’
     All declared Imports should be used.
Flavors: r-devel-linux-x86_64-fedora-clang, r-devel-linux-x86_64-fedora-gcc, r-release-macos-arm64, r-release-macos-x86_64, r-oldrel-macos-arm64, r-oldrel-macos-x86_64