CRAN Package Check Results for Package DescrTab2

Last updated on 2022-01-18 06:52:43 CET.

Flavor Version Tinstall Tcheck Ttotal Status Flags
r-devel-linux-x86_64-debian-clang 2.1.7 18.26 223.36 241.62 OK
r-devel-linux-x86_64-debian-gcc 2.1.7 13.65 185.76 199.41 OK
r-devel-linux-x86_64-fedora-clang 2.1.7 285.12 NOTE
r-devel-linux-x86_64-fedora-gcc 2.1.7 273.67 NOTE
r-devel-windows-x86_64-new-UL 2.1.7 182.00 278.00 460.00 OK
r-devel-windows-x86_64-new-TK 2.1.7 NOTE
r-patched-linux-x86_64 2.1.7 12.06 221.62 233.68 OK
r-release-linux-x86_64 2.1.7 OK
r-release-macos-arm64 2.1.7 NOTE
r-release-macos-x86_64 2.1.7 WARN
r-release-windows-ix86+x86_64 2.1.7 35.00 272.00 307.00 OK
r-oldrel-macos-x86_64 2.1.7 WARN
r-oldrel-windows-ix86+x86_64 2.1.7 37.00 276.00 313.00 OK

Check Details

Version: 2.1.7
Check: dependencies in R code
Result: NOTE
    Namespace in Imports field not imported from: ‘tidyselect’
     All declared Imports should be used.
Flavors: r-devel-linux-x86_64-fedora-clang, r-devel-linux-x86_64-fedora-gcc, r-devel-windows-x86_64-new-TK, r-release-macos-arm64, r-release-macos-x86_64, r-oldrel-macos-x86_64

Version: 2.1.7
Check: re-building of vignette outputs
Result: WARN
    Error(s) in re-building vignettes:
    --- re-building ‘a_usage_guide.Rmd’ using rmarkdown
    Pandoc is required to build R Markdown vignettes but not available. Please make sure it is installed.
    Quitting from lines 71-72 (a_usage_guide.Rmd)
    Error: processing vignette 'a_usage_guide.Rmd' failed with diagnostics:
    unused argument (options = list(TRUE, TRUE, "markup", FALSE, NULL, TRUE, FALSE, "#>", TRUE, "normalsize", "#F7F7F7", FALSE, 0, "cache/", NULL, TRUE, NULL, FALSE, FALSE, "high", "asis", "default", "figure/", "png", NULL, 72, "png", 7, 7, "figure", NULL, NULL, "fig:", NULL, "", NULL, NULL, NULL, 1, TRUE, FALSE, 1, "controls,loop", TRUE, FALSE, TRUE, NULL, NULL, NULL, "R", FALSE, TRUE, TRUE, "unnamed-chunk-3", "descr(dat)", 504, 504, ""))
    --- failed re-building ‘a_usage_guide.Rmd’
    
    --- re-building ‘b_test_choice_tree_pdf.Rmd’ using rmarkdown
    Pandoc is required to build R Markdown vignettes but not available. Please make sure it is installed.
    --- finished re-building ‘b_test_choice_tree_pdf.Rmd’
    
    --- re-building ‘c_other_software_comparison.Rmd’ using rmarkdown
    Pandoc is required to build R Markdown vignettes but not available. Please make sure it is installed.
    --- finished re-building ‘c_other_software_comparison.Rmd’
    
    --- re-building ‘d_validation_statement.Rmd’ using rmarkdown
    Pandoc is required to build R Markdown vignettes but not available. Please make sure it is installed.
    --- finished re-building ‘d_validation_statement.Rmd’
    
    --- re-building ‘e_maintenance_guide.Rmd’ using rmarkdown
    Pandoc is required to build R Markdown vignettes but not available. Please make sure it is installed.
    --- finished re-building ‘e_maintenance_guide.Rmd’
    
    SUMMARY: processing the following file failed:
     ‘a_usage_guide.Rmd’
    
    Error: Vignette re-building failed.
    Execution halted
Flavors: r-release-macos-x86_64, r-oldrel-macos-x86_64