Last updated on 2022-05-27 07:50:02 CEST.
Flavor | Version | Tinstall | Tcheck | Ttotal | Status | Flags |
---|---|---|---|---|---|---|
r-devel-linux-x86_64-debian-clang | 1.5.0 | 501.11 | 376.27 | 877.38 | NOTE | |
r-devel-linux-x86_64-debian-gcc | 1.5.0 | 452.82 | 306.49 | 759.31 | NOTE | |
r-devel-linux-x86_64-fedora-clang | 1.5.0 | 1185.76 | NOTE | |||
r-devel-linux-x86_64-fedora-gcc | 1.5.0 | 1229.38 | NOTE | |||
r-devel-windows-x86_64 | 1.5.0 | 364.00 | 439.00 | 803.00 | NOTE | |
r-patched-linux-x86_64 | 1.5.0 | 349.37 | 381.02 | 730.39 | NOTE | |
r-release-linux-x86_64 | 1.5.0 | 360.04 | 393.04 | 753.08 | NOTE | |
r-release-macos-arm64 | 1.5.0 | 277.00 | NOTE | |||
r-release-macos-x86_64 | 1.5.0 | 549.00 | NOTE | |||
r-release-windows-x86_64 | 1.5.0 | 367.00 | 434.00 | 801.00 | NOTE | |
r-oldrel-macos-arm64 | 1.5.0 | 419.00 | NOTE | |||
r-oldrel-macos-x86_64 | 1.5.0 | 566.00 | NOTE | |||
r-oldrel-windows-ix86+x86_64 | 1.5.0 | 1051.00 | 11.00 | 1062.00 | ERROR |
Version: 1.5.0
Check: for GNU extensions in Makefiles
Result: NOTE
GNU make is a SystemRequirements.
Flavors: r-devel-linux-x86_64-debian-clang, r-devel-linux-x86_64-debian-gcc, r-devel-linux-x86_64-fedora-clang, r-devel-linux-x86_64-fedora-gcc, r-devel-windows-x86_64, r-patched-linux-x86_64, r-release-linux-x86_64, r-release-macos-arm64, r-release-macos-x86_64, r-release-windows-x86_64, r-oldrel-macos-arm64, r-oldrel-macos-x86_64
Version: 1.5.0
Check: installed package size
Result: NOTE
installed size is 67.6Mb
sub-directories of 1Mb or more:
libs 64.8Mb
Flavors: r-devel-linux-x86_64-fedora-clang, r-devel-windows-x86_64, r-release-macos-arm64, r-release-macos-x86_64, r-release-windows-x86_64, r-oldrel-macos-arm64, r-oldrel-macos-x86_64
Version: 1.5.0
Check: top-level files
Result: NOTE
‘configure’: /bin/bash is not portable
Flavors: r-devel-linux-x86_64-fedora-clang, r-devel-linux-x86_64-fedora-gcc
Version: 1.5.0
Check: dependencies in R code
Result: NOTE
Namespace in Imports field not imported from: ‘lattice’
All declared Imports should be used.
Flavors: r-devel-linux-x86_64-fedora-clang, r-devel-linux-x86_64-fedora-gcc, r-release-macos-arm64, r-release-macos-x86_64, r-oldrel-macos-arm64, r-oldrel-macos-x86_64
Version: 1.5.0
Check: whether package can be installed
Result: ERROR
Installation failed.
Flavor: r-oldrel-windows-ix86+x86_64