Last updated on 2022-05-28 07:55:55 CEST.
Flavor | Version | Tinstall | Tcheck | Ttotal | Status | Flags |
---|---|---|---|---|---|---|
r-devel-linux-x86_64-debian-clang | 1.1.5 | 142.41 | 128.34 | 270.75 | OK | |
r-devel-linux-x86_64-debian-gcc | 1.1.5 | 117.53 | 95.85 | 213.38 | OK | |
r-devel-linux-x86_64-fedora-clang | 1.1.5 | 387.74 | NOTE | |||
r-devel-linux-x86_64-fedora-gcc | 1.1.5 | 346.38 | OK | |||
r-devel-windows-x86_64 | 1.1.5 | 177.00 | 179.00 | 356.00 | OK | |
r-patched-linux-x86_64 | 1.1.5 | 125.53 | 123.76 | 249.29 | OK | |
r-release-linux-x86_64 | 1.1.5 | 134.76 | 122.23 | 256.99 | OK | |
r-release-macos-arm64 | 1.1.5 | 84.00 | NOTE | |||
r-release-macos-x86_64 | 1.1.5 | 148.00 | NOTE | |||
r-release-windows-x86_64 | 1.1.5 | 176.00 | 193.00 | 369.00 | OK | |
r-oldrel-macos-arm64 | 1.1.5 | 76.00 | NOTE | |||
r-oldrel-macos-x86_64 | 1.1.5 | 110.00 | NOTE | |||
r-oldrel-windows-ix86+x86_64 | 1.1.5 | 365.00 | 195.00 | 560.00 | NOTE |
Version: 1.1.5
Check: installed package size
Result: NOTE
installed size is 6.2Mb
sub-directories of 1Mb or more:
doc 3.0Mb
libs 2.8Mb
Flavors: r-devel-linux-x86_64-fedora-clang, r-release-macos-arm64, r-release-macos-x86_64, r-oldrel-macos-arm64, r-oldrel-macos-x86_64, r-oldrel-windows-ix86+x86_64