Last updated on 2022-05-19 07:50:07 CEST.
Flavor | Version | Tinstall | Tcheck | Ttotal | Status | Flags |
---|---|---|---|---|---|---|
r-devel-linux-x86_64-debian-clang | 0.4.2 | 14.09 | 163.77 | 177.86 | OK | |
r-devel-linux-x86_64-debian-gcc | 0.4.2 | 12.11 | 118.92 | 131.03 | OK | |
r-devel-linux-x86_64-fedora-clang | 0.4.2 | 218.79 | NOTE | |||
r-devel-linux-x86_64-fedora-gcc | 0.4.2 | 211.97 | NOTE | |||
r-devel-windows-x86_64 | 0.4.2 | 85.00 | 242.00 | 327.00 | OK | |
r-patched-linux-x86_64 | 0.4.2 | 14.33 | 152.22 | 166.55 | OK | |
r-release-linux-x86_64 | 0.4.2 | 11.69 | 153.03 | 164.72 | OK | |
r-release-macos-arm64 | 0.4.2 | 69.00 | NOTE | |||
r-release-macos-x86_64 | 0.4.2 | 121.00 | NOTE | |||
r-release-windows-x86_64 | 0.4.2 | 72.00 | 242.00 | 314.00 | OK | |
r-oldrel-macos-arm64 | 0.4.2 | 54.00 | NOTE | |||
r-oldrel-macos-x86_64 | 0.4.2 | 76.00 | NOTE | |||
r-oldrel-windows-ix86+x86_64 | 0.4.2 | 30.00 | 203.00 | 233.00 | OK |
Version: 0.4.2
Check: dependencies in R code
Result: NOTE
Namespace in Imports field not imported from: ‘DT’
All declared Imports should be used.
Flavors: r-devel-linux-x86_64-fedora-clang, r-devel-linux-x86_64-fedora-gcc, r-release-macos-arm64, r-release-macos-x86_64, r-oldrel-macos-arm64, r-oldrel-macos-x86_64