CRAN Package Check Results for Package DTRreg

Last updated on 2022-05-25 07:50:19 CEST.

Flavor Version Tinstall Tcheck Ttotal Status Flags
r-devel-linux-x86_64-debian-clang 1.7 9.10 81.40 90.50 NOTE
r-devel-linux-x86_64-debian-gcc 1.7 5.92 61.50 67.42 NOTE
r-devel-linux-x86_64-fedora-clang 1.7 107.16 NOTE
r-devel-linux-x86_64-fedora-gcc 1.7 103.66 NOTE
r-devel-windows-x86_64 1.7 15.00 95.00 110.00 NOTE
r-patched-linux-x86_64 1.7 8.85 77.02 85.87 NOTE
r-release-linux-x86_64 1.7 NOTE
r-release-macos-arm64 1.7 31.00 NOTE
r-release-macos-x86_64 1.7 60.00 NOTE
r-release-windows-x86_64 1.7 16.00 95.00 111.00 NOTE
r-oldrel-macos-arm64 1.7 35.00 NOTE
r-oldrel-macos-x86_64 1.7 52.00 NOTE
r-oldrel-windows-ix86+x86_64 1.7 18.00 91.00 109.00 NOTE

Check Details

Version: 1.7
Check: LazyData
Result: NOTE
     'LazyData' is specified without a 'data' directory
Flavors: r-devel-linux-x86_64-debian-clang, r-devel-linux-x86_64-debian-gcc, r-devel-linux-x86_64-fedora-clang, r-devel-linux-x86_64-fedora-gcc, r-devel-windows-x86_64, r-patched-linux-x86_64, r-release-linux-x86_64, r-release-macos-arm64, r-release-macos-x86_64, r-release-windows-x86_64, r-oldrel-macos-arm64, r-oldrel-macos-x86_64, r-oldrel-windows-ix86+x86_64