Last updated on 2022-08-11 06:51:42 CEST.
Flavor | Version | Tinstall | Tcheck | Ttotal | Status | Flags |
---|---|---|---|---|---|---|
r-devel-linux-x86_64-debian-clang | 1.6.1 | 67.09 | 158.83 | 225.92 | OK | |
r-devel-linux-x86_64-debian-gcc | 1.6.1 | 55.60 | 115.65 | 171.25 | OK | |
r-devel-linux-x86_64-fedora-clang | 1.6.1 | 303.62 | NOTE | |||
r-devel-linux-x86_64-fedora-gcc | 1.6.1 | 286.40 | OK | |||
r-devel-windows-x86_64 | 1.6.1 | 72.00 | 194.00 | 266.00 | OK | |
r-patched-linux-x86_64 | 1.6.1 | 62.92 | 143.57 | 206.49 | OK | |
r-release-linux-x86_64 | 1.6.1 | OK | ||||
r-release-macos-arm64 | 1.6.1 | 74.00 | NOTE | |||
r-release-macos-x86_64 | 1.6.1 | 98.00 | NOTE | |||
r-release-windows-x86_64 | 1.6.1 | 62.00 | 195.00 | 257.00 | OK | |
r-oldrel-macos-arm64 | 1.6.1 | 69.00 | NOTE | |||
r-oldrel-macos-x86_64 | 1.6.1 | 100.00 | NOTE | |||
r-oldrel-windows-ix86+x86_64 | 1.6.1 | 158.00 | 256.00 | 414.00 | NOTE |
Version: 1.6.1
Check: installed package size
Result: NOTE
installed size is 5.4Mb
sub-directories of 1Mb or more:
data 2.8Mb
libs 2.3Mb
Flavors: r-devel-linux-x86_64-fedora-clang, r-release-macos-arm64, r-release-macos-x86_64, r-oldrel-macos-arm64, r-oldrel-macos-x86_64, r-oldrel-windows-ix86+x86_64