CRAN Package Check Results for Package DSMolgenisArmadillo

Last updated on 2022-01-20 06:49:18 CET.

Flavor Version Tinstall Tcheck Ttotal Status Flags
r-devel-linux-x86_64-debian-clang 1.4.0 NOTE
r-devel-linux-x86_64-debian-gcc 1.4.0 3.38 42.51 45.89 NOTE
r-devel-linux-x86_64-fedora-clang 1.4.0 72.43 NOTE
r-devel-linux-x86_64-fedora-gcc 1.4.0 90.85 NOTE
r-devel-windows-x86_64-new-UL 1.4.0 239.00 90.00 329.00 NOTE
r-devel-windows-x86_64-new-TK 1.4.0 NOTE
r-patched-linux-x86_64 1.4.0 9.28 52.02 61.30 NOTE
r-release-linux-x86_64 1.4.0 NOTE
r-release-macos-arm64 1.4.0 NOTE
r-release-macos-x86_64 1.4.0 NOTE
r-release-windows-ix86+x86_64 1.4.0 12.00 67.00 79.00 NOTE
r-oldrel-macos-x86_64 1.4.0 NOTE
r-oldrel-windows-ix86+x86_64 1.4.0 12.00 69.00 81.00 NOTE

Check Details

Version: 1.4.0
Check: package dependencies
Result: NOTE
    Package suggested but not available for checking: 'dsBaseClient'
Flavors: r-devel-linux-x86_64-debian-clang, r-devel-linux-x86_64-debian-gcc, r-devel-linux-x86_64-fedora-clang, r-devel-linux-x86_64-fedora-gcc, r-devel-windows-x86_64-new-UL, r-devel-windows-x86_64-new-TK, r-patched-linux-x86_64, r-release-linux-x86_64, r-release-macos-arm64, r-release-macos-x86_64, r-release-windows-ix86+x86_64, r-oldrel-macos-x86_64, r-oldrel-windows-ix86+x86_64