CRAN Package Check Results for Package DNLC

Last updated on 2022-08-12 06:49:18 CEST.

Flavor Version Tinstall Tcheck Ttotal Status Flags
r-devel-linux-x86_64-debian-clang 1.0.0 24.94 34.53 59.47 NOTE
r-devel-linux-x86_64-debian-gcc 1.0.0 19.16 26.68 45.84 NOTE
r-devel-linux-x86_64-fedora-clang 1.0.0 84.46 NOTE
r-devel-linux-x86_64-fedora-gcc 1.0.0 88.37 NOTE
r-devel-windows-x86_64 1.0.0 16.00 65.00 81.00 NOTE
r-patched-linux-x86_64 1.0.0 14.21 33.77 47.98 NOTE
r-release-linux-x86_64 1.0.0 17.67 33.71 51.38 NOTE
r-release-macos-arm64 1.0.0 23.00 NOTE
r-release-macos-x86_64 1.0.0 36.00 NOTE
r-release-windows-x86_64 1.0.0 24.00 64.00 88.00 NOTE
r-oldrel-macos-arm64 1.0.0 30.00 NOTE
r-oldrel-macos-x86_64 1.0.0 31.00 NOTE
r-oldrel-windows-ix86+x86_64 1.0.0 22.00 52.00 74.00 NOTE

Check Details

Version: 1.0.0
Check: LazyData
Result: NOTE
     'LazyData' is specified without a 'data' directory
Flavors: r-devel-linux-x86_64-debian-clang, r-devel-linux-x86_64-debian-gcc, r-devel-linux-x86_64-fedora-clang, r-devel-linux-x86_64-fedora-gcc, r-devel-windows-x86_64, r-patched-linux-x86_64, r-release-linux-x86_64, r-release-macos-arm64, r-release-macos-x86_64, r-release-windows-x86_64, r-oldrel-macos-arm64, r-oldrel-macos-x86_64, r-oldrel-windows-ix86+x86_64

Version: 1.0.0
Check: dependencies in R code
Result: NOTE
    Namespaces in Imports field not imported from:
     ‘GOstats’ ‘caTools’ ‘fdrtool’
     All declared Imports should be used.
Flavors: r-devel-linux-x86_64-fedora-clang, r-devel-linux-x86_64-fedora-gcc, r-release-macos-arm64, r-release-macos-x86_64, r-oldrel-macos-arm64, r-oldrel-macos-x86_64