CRAN Package Check Results for Package DCSmooth

Last updated on 2022-01-28 06:53:18 CET.

Flavor Version Tinstall Tcheck Ttotal Status Flags
r-devel-linux-x86_64-debian-clang 1.1.2 196.41 300.02 496.43 OK
r-devel-linux-x86_64-debian-gcc 1.1.2 140.50 223.51 364.01 OK
r-devel-linux-x86_64-fedora-clang 1.1.2 670.88 NOTE
r-devel-linux-x86_64-fedora-gcc 1.1.2 635.94 OK
r-devel-windows-x86_64-new-UL 1.1.2 227.00 372.00 599.00 OK
r-devel-windows-x86_64-new-TK 1.1.2 OK
r-patched-linux-x86_64 1.1.2 146.26 292.11 438.37 OK
r-release-linux-x86_64 1.1.2 126.25 294.84 421.09 OK
r-release-macos-arm64 1.1.2 NOTE
r-release-macos-x86_64 1.1.2 NOTE
r-release-windows-ix86+x86_64 1.1.2 481.00 604.00 1085.00 NOTE
r-oldrel-macos-x86_64 1.1.2 NOTE
r-oldrel-windows-ix86+x86_64 1.1.2 479.00 603.00 1082.00 NOTE

Check Details

Version: 1.1.2
Check: installed package size
Result: NOTE
     installed size is 7.2Mb
     sub-directories of 1Mb or more:
     data 1.9Mb
     libs 4.7Mb
Flavors: r-devel-linux-x86_64-fedora-clang, r-release-macos-arm64, r-release-macos-x86_64, r-release-windows-ix86+x86_64, r-oldrel-macos-x86_64, r-oldrel-windows-ix86+x86_64