CRAN Package Check Results for Package DCEtool

Last updated on 2022-05-16 06:52:22 CEST.

Flavor Version Tinstall Tcheck Ttotal Status Flags
r-devel-linux-x86_64-debian-clang 1.0.0 16.33 132.97 149.30 OK
r-devel-linux-x86_64-debian-gcc 1.0.0 11.58 97.41 108.99 OK
r-devel-linux-x86_64-fedora-clang 1.0.0 178.84 NOTE
r-devel-linux-x86_64-fedora-gcc 1.0.0 168.79 NOTE
r-devel-windows-x86_64 1.0.0 20.00 145.00 165.00 OK
r-patched-linux-x86_64 1.0.0 11.39 122.02 133.41 OK
r-release-linux-x86_64 1.0.0 10.67 123.14 133.81 OK
r-release-macos-arm64 1.0.0 54.00 NOTE
r-release-macos-x86_64 1.0.0 67.00 NOTE
r-release-windows-x86_64 1.0.0 21.00 148.00 169.00 OK
r-oldrel-macos-arm64 1.0.0 44.00 NOTE
r-oldrel-macos-x86_64 1.0.0 69.00 NOTE
r-oldrel-windows-ix86+x86_64 1.0.0 36.00 131.00 167.00 OK

Check Details

Version: 1.0.0
Check: package dependencies
Result: NOTE
    Imports includes 24 non-default packages.
    Importing from so many packages makes the package vulnerable to any of
    them becoming unavailable. Move as many as possible to Suggests and
    use conditionally.
Flavor: r-devel-linux-x86_64-fedora-clang

Version: 1.0.0
Check: dependencies in R code
Result: NOTE
    Namespaces in Imports field not imported from:
     ‘bslib’ ‘knitr’ ‘matrixStats’ ‘rmarkdown’ ‘shinythemes’ ‘tidyverse’
     All declared Imports should be used.
Flavors: r-devel-linux-x86_64-fedora-clang, r-devel-linux-x86_64-fedora-gcc, r-release-macos-arm64, r-release-macos-x86_64, r-oldrel-macos-arm64, r-oldrel-macos-x86_64