CRAN Package Check Results for Package DBItest

Last updated on 2022-01-18 06:52:43 CET.

Flavor Version Tinstall Tcheck Ttotal Status Flags
r-devel-linux-x86_64-debian-clang 1.7.2 20.28 69.77 90.05 NOTE
r-devel-linux-x86_64-debian-gcc 1.7.2 18.95 61.29 80.24 NOTE
r-devel-linux-x86_64-fedora-clang 1.7.2 120.90 NOTE
r-devel-linux-x86_64-fedora-gcc 1.7.2 103.08 NOTE
r-devel-windows-x86_64-new-UL 1.7.2 101.00 105.00 206.00 NOTE
r-devel-windows-x86_64-new-TK 1.7.2 NOTE
r-patched-linux-x86_64 1.7.2 27.21 67.30 94.51 NOTE
r-release-linux-x86_64 1.7.2 NOTE
r-release-macos-arm64 1.7.2 NOTE
r-release-macos-x86_64 1.7.2 NOTE
r-release-windows-ix86+x86_64 1.7.2 38.00 82.00 120.00 NOTE
r-oldrel-macos-x86_64 1.7.2 NOTE
r-oldrel-windows-ix86+x86_64 1.7.2 38.00 81.00 119.00 NOTE

Check Details

Version: 1.7.2
Check: package dependencies
Result: NOTE
    Package suggested but not available for checking: 'dblog'
Flavors: r-devel-linux-x86_64-debian-clang, r-devel-linux-x86_64-debian-gcc, r-devel-linux-x86_64-fedora-clang, r-devel-linux-x86_64-fedora-gcc, r-devel-windows-x86_64-new-UL, r-devel-windows-x86_64-new-TK, r-patched-linux-x86_64, r-release-linux-x86_64, r-release-macos-arm64, r-release-macos-x86_64, r-release-windows-ix86+x86_64, r-oldrel-macos-x86_64, r-oldrel-windows-ix86+x86_64