CRAN Package Check Results for Package DAISIE

Last updated on 2022-05-23 06:49:44 CEST.

Flavor Version Tinstall Tcheck Ttotal Status Flags
r-devel-linux-x86_64-debian-clang 3.0.1 20.85 514.14 534.99 OK
r-devel-linux-x86_64-debian-gcc 3.0.1 14.29 383.93 398.22 OK
r-devel-linux-x86_64-fedora-clang 3.0.1 618.11 OK
r-devel-linux-x86_64-fedora-gcc 3.0.1 620.92 OK
r-devel-windows-x86_64 3.0.1 97.00 547.00 644.00 NOTE
r-patched-linux-x86_64 3.0.1 22.17 492.08 514.25 OK
r-release-linux-x86_64 3.0.1 OK
r-release-macos-arm64 3.0.1 164.00 NOTE
r-release-macos-x86_64 3.0.1 311.00 OK
r-release-windows-x86_64 3.0.1 105.00 548.00 653.00 NOTE
r-oldrel-macos-arm64 3.0.1 183.00 NOTE
r-oldrel-macos-x86_64 3.0.1 387.00 NOTE
r-oldrel-windows-ix86+x86_64 3.0.1 36.00 825.00 861.00 NOTE

Check Details

Version: 3.0.1
Check: package dependencies
Result: NOTE
    Package which this enhances but not available for checking: 'doMC'
Flavors: r-devel-windows-x86_64, r-release-windows-x86_64, r-oldrel-windows-ix86+x86_64

Version: 3.0.1
Check: package dependencies
Result: NOTE
    Package suggested but not available for checking: ‘ggtree’
Flavors: r-release-macos-arm64, r-oldrel-macos-arm64, r-oldrel-macos-x86_64