CRAN Package Check Results for Package CorrectOverloadedPeaks

Last updated on 2022-07-02 07:06:56 CEST.

Flavor Version Tinstall Tcheck Ttotal Status Flags
r-devel-linux-x86_64-debian-clang 1.2.17 2.91 55.96 58.87 OK
r-devel-linux-x86_64-debian-gcc 1.2.17 3.10 41.08 44.18 OK
r-devel-linux-x86_64-fedora-clang 1.2.17 82.86 OK
r-devel-linux-x86_64-fedora-gcc 1.2.17 85.79 OK
r-devel-windows-x86_64 1.2.17 102.00 83.00 185.00 OK
r-patched-linux-x86_64 1.2.17 4.11 55.72 59.83 OK
r-release-linux-x86_64 1.2.17 2.54 54.95 57.49 OK
r-release-macos-arm64 1.2.17 22.00 NOTE
r-release-macos-x86_64 1.2.17 35.00 OK
r-release-windows-x86_64 1.2.17 68.00 81.00 149.00 OK
r-oldrel-macos-arm64 1.2.17 31.00 NOTE
r-oldrel-macos-x86_64 1.2.17 49.00 OK
r-oldrel-windows-ix86+x86_64 1.2.17 8.00 79.00 87.00 OK

Check Details

Version: 1.2.17
Check: package dependencies
Result: NOTE
    Package suggested but not available for checking: ‘xcms’
Flavors: r-release-macos-arm64, r-oldrel-macos-arm64