CRAN Package Check Results for Package CompDist

Last updated on 2022-08-12 06:49:17 CEST.

Flavor Version Tinstall Tcheck Ttotal Status Flags
r-devel-linux-x86_64-debian-clang 1.0 3.56 29.71 33.27 OK
r-devel-linux-x86_64-debian-gcc 1.0 2.54 22.70 25.24 OK
r-devel-linux-x86_64-fedora-clang 1.0 49.43 NOTE
r-devel-linux-x86_64-fedora-gcc 1.0 48.96 NOTE
r-devel-windows-x86_64 1.0 10.00 59.00 69.00 OK
r-patched-linux-x86_64 1.0 3.51 29.15 32.66 OK
r-release-linux-x86_64 1.0 3.36 28.88 32.24 OK
r-release-macos-arm64 1.0 14.00 NOTE
r-release-macos-x86_64 1.0 24.00 NOTE
r-release-windows-x86_64 1.0 12.00 56.00 68.00 OK
r-oldrel-macos-arm64 1.0 24.00 NOTE
r-oldrel-macos-x86_64 1.0 25.00 NOTE
r-oldrel-windows-ix86+x86_64 1.0 7.00 62.00 69.00 OK

Check Details

Version: 1.0
Check: dependencies in R code
Result: NOTE
    Namespaces in Imports field not imported from:
     ‘PearsonDS’ ‘VGAM’ ‘actuar’ ‘fExtremes’ ‘rmutil’
     All declared Imports should be used.
Flavors: r-devel-linux-x86_64-fedora-clang, r-devel-linux-x86_64-fedora-gcc, r-release-macos-arm64, r-release-macos-x86_64, r-oldrel-macos-arm64, r-oldrel-macos-x86_64